 divided by 9?
7
Let o(u) = u**3 + 7*u**2 - 4*u + 2. Calculate the remainder when o(-4) is divided by 17.
15
Suppose u + j - 4*j - 15 = 0, -53 = -5*u + 4*j. What is the remainder when 33 is divided by u?
6
Let l = -152 - -234. Calculate the remainder when l is divided by 21.
19
Let l(o) = -7*o - 8. Suppose -3*g - 6*j = -2*j + 20, -5*g = -3*j + 72. Let i be g*((-2)/(-2))/2. What is the remainder when l(i) is divided by 12?
10
Let y(p) = p**2 + p + 6 + 3*p - p. Calculate the remainder when 308/10 - 5/(-25) is divided by y(-5).
15
Let w(y) = 32*y**2 - 1. Let z be w(-1). Let h = z + -15. Calculate the remainder when 45 is divided by h.
13
Suppose -4*g - 8 = 0, 0*g - 5*g - 6 = -b. Calculate the remainder when b/(-6) - (-58)/3 is divided by 8.
4
Let q(p) = -p**3 - 8*p**2 - 6*p. Calculate the remainder when q(-8) is divided by 25.
23
Let b be (-3)/(-15) + (-36)/(-20). Calculate the remainder when 0 - (3 - 2)*-29 is divided by 16 + 12/(-4) + b.
14
Suppose -3*a - 6 = 0, 3*a - 10 = 4*b + 6*a. Let k = b - -4. Calculate the remainder when k is divided by 1.
0
Let k(n) = -n + 1. Let f be k(1). Suppose 4*r = -5*x - f*x - 9, -3 = -r + 4*x. What is the remainder when (r/(-2))/((-3)/(-48)) is divided by 5?
3
Suppose 5*x - 38 = -c, 4*x - c - 1 - 33 = 0. Suppose 0 = 4*g - 2*h - 26, -x = -2*h - 6. Calculate the remainder when g is divided by 5.
2
Suppose 1250 = -22*h + 27*h. What is the remainder when h is divided by 14?
12
Suppose -5*y + 2*z + 101 = 0, -4*y + 3*z = -2*z - 74. What is the remainder when 25 is divided by y*((-8)/3 + 3)?
4
Calculate the remainder when ((-82)/4)/(11/(-22)) is divided by 15.
11
Let p(c) = -2*c + 3. Let j(t) = 6*t - 10. Let r(w) = 3*j(w) + 10*p(w). Let m(l) = -l - 7. Let k be m(-5). What is the remainder when r(k) is divided by 3?
1
Suppose -y - 32 = -3*y. Let x = -7 + y. Let m = 25 + 1. What is the remainder when m is divided by x?
8
Let k(n) = 4*n**2 + 10*n + 2. Calculate the remainder when k(4) is divided by 9.
7
Suppose l = 2*f + 97, 0 = -4*l - 2*f + 168 + 200. What is the remainder when l is divided by 24?
21
Let p(u) = u**3 - 7*u**2 - 7*u + 4. Calculate the remainder when 21 is divided by p(8).
9
Let j(g) = 2*g**2 + 12*g - 10. Suppose 3*q + 3*p = -33, -4*q + 5*p - 7 = 1. What is the remainder when 9 is divided by j(q)?
1
Let a = 6 + -4. Suppose -a*o + 6*o = 8. Let t(h) = 13*h + 2. Calculate the remainder when t(o) is divided by 15.
13
Let s = -40 - -67. What is the remainder when 51 is divided by s?
24
What is the remainder when (69 + -1)*3*1 is divided by 52?
48
Let u(i) be the second derivative of -i**3/3 + 6*i. What is the remainder when 15 is divided by u(-3)?
3
Suppose 0 = 4*u - 49 - 47. What is the remainder when u is divided by 3?
0
Suppose d - 2*a - 8 = 24, 3*d - 103 = -a. What is the remainder when 100 is divided by d?
32
Let b = 15 + -20. Calculate the remainder when (-1)/b - 1533/(-35) is divided by 23.
21
Suppose -4*p = 4 - 0. Let q = p - -3. What is the remainder when 3 is divided by q?
1
Let h = 13 - 12. Let q(w) = -w**2 - 6*w + 2. Let n be q(-5). Let u = n - 5. Calculate the remainder when u is divided by h.
0
Suppose -2*t - t = -54. Let o = 44 - 80. Let l = o + 89. Calculate the remainder when l is divided by t.
17
Suppose 0 = 10*f - 11*f + 34. What is the remainder when f is divided by 3?
1
Suppose -z = 2*z - 27. Suppose z = o - 0*o. What is the remainder when 17 is divided by o?
8
Suppose -3*z + 6*z - i = 6, 4*z + 3*i = 21. Suppose -3*o = 3*m + 11 - 35, 0 = -z*m - 6. What is the remainder when 18 is divided by o?
8
What is the remainder when ((-10)/(-15))/(2/66) is divided by 6?
4
Let r = 235 + -127. What is the remainder when r is divided by 22?
20
Suppose 0 = -4*h + 7 + 1. What is the remainder when (1 + 0)/(h/86) is divided by 15?
13
Let c(x) = x**3 + 12*x**2 + 5*x + 8. Let f be c(-11). Suppose -13 = u - f. Calculate the remainder when u is divided by 31.
30
Let i be (2/(-4))/(1/(-20)). Let q(d) = 7*d**2 - 9*d + 5 - 5*d**2 - d**2. What is the remainder when 43 is divided by q(i)?
13
Suppose 0 = 33*d - 10*d - 2024. Calculate the remainder when d is divided by 31.
26
Let d = 27 + -20. What is the remainder when 26 is divided by d?
5
Let h(i) = i**3 - 6*i**2 + 3*i - 6. Let q be h(6). Suppose -6*m + 14*m + 16 = 0. Calculate the remainder when m/q + (-805)/(-42) is divided by 7.
5
Let s = 6 + -1. Suppose 10*n + n - 99 = 0. Calculate the remainder when n is divided by s.
4
Let t(x) = -x**2 - 14*x - 4. Calculate the remainder when 17 is divided by t(-13).
8
Let j(f) = f**3 + 3*f - 3. Let q be j(2). Let y = 22 - q. What is the remainder when 20 is divided by y?
9
Suppose -2*f - 21 = 5*o, f + 6 = -o - 3*o. Let x = f - -25. What is the remainder when 25 is divided by x?
4
Calculate the remainder when 1/((2/328)/((-1)/(-4))) is divided by 12.
5
Let y = -9 - 2. Let f = y + 19. What is the remainder when 15 is divided by f?
7
Suppose -2*w - w = -132. What is the remainder when w is divided by 15?
14
Let q = -59 + 124. What is the remainder when q is divided by 17?
14
Suppose -5 = -2*d + 1. Suppose -4*y - d = -y. What is the remainder when 50 is divided by (-1 + 2)/y*-17?
16
Let a be -3 + (-1)/(-1) - -37. Suppose 0 = -3*g - 2*g - a. Calculate the remainder when 19 is divided by (g/2)/((-2)/4).
5
Suppose -5*c + c = 0. Suppose c = -v + 7*v - 36. What is the remainder when 17 is divided by v?
5
Let o(y) = y**3 - 3*y**2 - 3*y + 2. Let d be o(4). Let r = 4 - d. Calculate the remainder when 25 is divided by ((r - 0) + 5)*3.
7
Suppose 0 = -0*r + 3*r - 51. Let w = 83 - 34. What is the remainder when w is divided by r?
15
Suppose -5*w - 3 = -4*w, -3*b + 3*w + 66 = 0. Let y = b + -5. What is the remainder when 54 is divided by y?
12
Suppose -22*v + 18*v + 16 = 0. Calculate the remainder when 30 is divided by v.
2
Let m = -6 - -18. What is the remainder when m is divided by 8?
4
Let s = -1 - -1. Let v = s + 4. What is the remainder when 10 is divided by v?
2
Suppose -2*u - 3*u = 2*d + 21, 3*d + 2*u + 4 = 0. Calculate the remainder when 9 is divided by d.
1
Suppose -5*k = -9*k + 24. Let u be k/8 + (-190)/8. Let b = u + 47. Calculate the remainder when 46 is divided by b.
22
Let b = -44 - -90. What is the remainder when b is divided by 7?
4
Let g = 0 + 2. Let q = g + 1. Calculate the remainder when q is divided by 3.
0
Suppose -3*o - o = 12. Suppose -4*i = 14 - 98. What is the remainder when i is divided by o/(-2)*(-176)/(-24)?
10
Let z(h) = -2*h**2 + 21*h + 15. Calculate the remainder when 19 is divided by z(11).
3
Let p = -2 + 2. Suppose v - 9 = -p*v. Let q = -19 - -35. What is the remainder when q is divided by v?
7
Let g = 72 - -65. Calculate the remainder when g is divided by 23.
22
What is the remainder when 109 is divided by (6 + -3 - 4)*-22?
21
Suppose 4*h - 5*a = 93, -2*h + 0*h = 3*a - 63. What is the remainder when 106 is divided by h?
25
Suppose -4*h - 2*d + 170 = -0*h, 0 = -4*h - 3*d + 171. Let y = -30 + h. What is the remainder when 23 is divided by y?
11
Calculate the remainder when 51 is divided by (0 + 7)*5/(-70)*-8.
3
Let w(v) = -2*v**3 - 19*v**2 - 9*v + 3. Calculate the remainder when 18 is divided by w(-9).
0
Let r = 83 + -66. What is the remainder when 186 is divided by r?
16
Suppose 5*d = -18 - 7. Let f(l) = -5*l - 4. Calculate the remainder when f(d) is divided by ((-11)/2)/(7/(-14)).
10
Let j(h) = 3*h**2 - 8*h - 10. Calculate the remainder when j(-4) is divided by 24.
22
Suppose 2*u + 1 = -1. Let l(q) = -29*q - 2. What is the remainder when 80 is divided by l(u)?
26
Suppose 5*m - 20 - 23 = -4*r, -3*r = -4*m - 71. Let f = -10 + r. What is the remainder when 11 is divided by f?
4
What is the remainder when 27 is divided by 1/4*(-5)/((-10)/56)?
6
Suppose -4 = 3*m - 4*f, 3*m = 5*f - 2*f. Calculate the remainder when 45 is divided by (m - 3)/(2/46).
22
Suppose -j + 3*o - 11 = 0, -2*j - 4*o = 1 + 1. Let f = j - -20. Let w = 74 + -45. What is the remainder when w is divided by f?
14
Let k(w) = w**3 - 7*w**2 - 7*w - 3. What is the remainder when 17 is divided by k(8)?
2
Suppose -3 = -4*w + 5. What is the remainder when w is divided by 2?
0
Let j(g) = 2*g + 21. What is the remainder when 14 is divided by j(-9)?
2
What is the remainder when 35 is divided by (63/(-7))/(-1 + 0)?
8
Let n = 24 - 8. Calculate the remainde